10111111
Convert -2130210 (base 4) to base 6.
-114220
4004112 (base 5) to base 16
f638
What is 213340 (base 5) in base 2?
1110010110001
890c (base 13) to base 5
1102414
What is -113020 (base 4) in base 7?
-4213
What is 15133 (base 6) in base 15?
ac3
153 (base 11) to base 5
1204
Convert -12987 (base 11) to base 6.
-221331
-365a (base 13) to base 12
-4540
Convert -46 (base 7) to base 12.
-2a
1f3 (base 16) to base 8
763
Convert -20210222 (base 3) to base 15.
-1712
Convert -30303 (base 4) to base 5.
-11234
Convert 3b902 (base 12) to base 15.
196ae
-7587 (base 13) to base 6
-203343
Convert -124 (base 12) to base 2.
-10101100
What is 88 (base 10) in base 2?
1011000
What is 1010100101 (base 2) in base 10?
677
-25510 (base 8) to base 16
-2b48
What is -300111 (base 4) in base 9?
-4216
Convert -2302332 (base 4) to base 12.
-6766
1135 (base 8) to base 6
2445
-31311 (base 5) to base 6
-13345
Convert 1220011 (base 4) to base 16.
1a05
800 (base 10) to base 3
1002122
Convert 63062 (base 8) to base 16.
6632
What is -ac94 (base 15) in base 9?
-55164
Convert 2453a (base 11) to base 4.
20212312
What is 110001 (base 4) in base 3?
1202110
Convert -144 (base 13) to base 14.
-121
-2da (base 14) to base 13
-35c
-7551 (base 14) to base 7
-113031
What is -1202 (base 7) in base 15?
-1e8
What is -36c (base 14) in base 5?
-10214
-10001111111100001 (base 2) to base 6
-1325105
Convert 3867 (base 16) to base 2.
11100001100111
What is 455 (base 15) in base 5?
12410
What is 1073 (base 11) in base 7?
4054
-11211 (base 4) to base 15
-18c
Convert 211222 (base 3) to base 14.
324
What is 2040 (base 6) in base 8?
710
Convert -4062 (base 8) to base 13.
-c55
Convert -8ca5 (base 13) to base 8.
-46433
-8bc8 (base 13) to base 8
-46217
What is 13313 (base 4) in base 15?
238
15432 (base 6) to base 13
1205
What is -233220 (base 4) in base 6?
-22040
Convert -3256 (base 16) to base 8.
-31126
-131c7 (base 14) to base 8
-133653
-104114 (base 5) to base 15
-113e
Convert -b75 (base 14) to base 4.
-203103
What is 2e0 (base 16) in base 2?
1011100000
What is 7077 (base 8) in base 2?
111000111111
Convert 103 (base 4) to base 2.
10011
What is -143333 (base 5) in base 12?
-3639
What is 111100 (base 3) in base 9?
440
Convert -1213 (base 7) to base 12.
-317
Convert -41507 (base 9) to base 12.
-13a21
What is 673 (base 11) in base 9?
1085
What is 21b (base 13) in base 10?
362
12b (base 13) to base 4
3032
What is -4100 (base 5) in base 3?
-201110
-20211102 (base 3) to base 14
-1b59
Convert -4052 (base 6) to base 7.
-2420
Convert -752 (base 10) to base 13.
-45b
-3123222 (base 4) to base 10
-14058
What is -28270 (base 9) in base 12?
-b123
Convert -1223 (base 5) to base 2.
-10111100
What is 4061 (base 7) in base 15?
645
What is 8992 (base 16) in base 2?
1000100110010010
Convert 5260 (base 8) to base 2.
101010110000
What is 11001310 (base 4) in base 13?
94b4
Convert 111200 (base 3) to base 8.
561
What is -1405 (base 7) in base 13?
-32b
Convert 2101202 (base 3) to base 11.
134a
1628 (base 12) to base 5
40444
Convert -4506 (base 7) to base 2.
-11001010111
What is 1110202 (base 5) in base 14?
7119
What is 5824 (base 9) in base 12?
25b7
What is 101221 (base 4) in base 6?
5121
Convert 1260 (base 7) to base 5.
3413
-bf0 (base 16) to base 5
-44211
176 (base 9) to base 2
10010110
Convert -121 (base 10) to base 9.
-144
Convert -4661 (base 7) to base 6.
-11525
-1054 (base 7) to base 15
-1a7
Convert -1104004 (base 5) to base 8.
-45466
What is 101032 (base 7) in base 5?
1022143
110000111 (base 2) to base 6
1451
Convert -1372 (base 12) to base 13.
-103a
What is 3589 (base 14) in base 5?
244313
What is c0b (base 16) in base 4?
300023
Convert 647 (base 8) to base 15.
1d3
-4652 (base 9) to base 3
-11201202
3e3 (base 16) to base 14
511
What is -15212 (base 15) in base 3?
-10110020022
What is 1990 (base 10) in base 3?
2201201
1030301 (base 4) to base 8
11461
-56b4 (base 13) to base 10
-12146
-115c (base 15) to base 2
-111001100111
-192a (base 16) to base 10
-6442
What is -80a (base 16) in base 6?
-13310
Convert 619 (base 10) to base 14.
323
Convert 1418 (base 9) to base 12.
752
2000 (base 4) to base 10
128
Convert a8bb (base 16) to base 13.
16879
What is 21413 (base 7) in base 3?
21100012
-224a8 (base 11) to base 14
-bc0a
What is -51328 (base 10) in base 4?
-30202000
15650 (base 11) to base 3
1010021200
Convert 2400 (base 8) to base 11.
a64
-330650 (base 7) to base 9
-87442
Convert -cd (base 14) to base 5.
-1211
What is 10200 (base 5) in base 13?
3cc
What is 2020102 (base 3) in base 5?
23011
-1113001 (base 4) to base 11
-4203
Convert -3b6 (base 13) to base 9.
-808
What is -199a (base 16) in base 3?
-22222202
-10c08 (base 13) to base 7
-155130
Convert -14353 (base 6) to base 2.
-100011111101
Convert -1110130 (base 5) to base 6.
-225515
3b7 (base 13) to base 12
469
-425 (base 7) to base 6
-555
Convert 43a37 (base 11) to base 13.
23073
Convert -70 (base 11) to base 6.
-205
What is 17603 (base 8) in base 9?
12053
Convert 255 (base 16) to base 10.
597
Convert 10220120 (base 3) to base 14.
1078
Convert -121121 (base 3) to base 2.
-111000000
Convert -f2 (base 16) to base 7.
-464
Convert 31422 (base 6) to base 8.
10246
-1164 (base 8) to base 7
-1555
What is 10168 (base 12) in base 5?
1132320
Convert -13d (base 16) to base 13.
-1b5
Convert -123543 (base 6) to base 3.
-120101200
10d2 (base 16) to base 11
3265
What is -1033 (base 7) in base 5?
-2432
-513 (base 12) to base 15
-340
Convert -705 (base 16) to base 5.
-24142
Convert 26 (base 12) to base 14.
22
Convert 176a7 (base 14) to base 6.
1132523
9474 (base 11) to base 16
3100
Convert 33345 (base 6) to base 5.
122143
3298 (base 14) to base 2
10001000110110
Convert 4342 (base 5) to base 10.
597
What is -b62 (base 13) in base 11?
-1503
What is 669 (base 14) in base 4?
103311
Convert 463 (base 7) to base 15.
111
What is 5181 (base 9) in base 2?
111011010111
Convert 2eeb (base 15) to base 11.
7671
Convert 4a2 (base 15) to base 11.
877
Convert 1101000111 (base 2) to base 3.
1011002
What is 15882 (base 12) in base 10?
30626
What is -255 (base 6) in base 12?
-8b
13131 (base 4) to base 2
111011101
What is 4717 (base 8) in base 10?
2511
Convert -4543 (base 7) to base 11.
-1269
What is 323311 (base 4) in base 12?
2271
What is 143 (base 13) in base 16?
e0
Convert 1212210011 (base 3) to base 15.
ae81
827 (base 10) to base 13
4b8
Convert -466 (base 9) to base 11.
-31a
What is -2990 (base 11) in base 6?
-25454
Convert -21101022 (base 3) to base 5.
-133011
Convert 14223 (base 6) to base 8.
4307
341043 (base 5) to base 6
131355
What is 10110101101 (base 2) in base 13?
87a
-16f5 (base 16) to base 9
-8050
-30113 (base 5) to base 9
-2550
Convert 511132 (base 6) to base 11.
28431
What is -5b59 (base 14) in base 6?
-201511
1332221 (base 4) to base 11
60a9
What is -1025 (base 13) in base 14?
-b52
Convert -100 (base 9) to base 11.
-74
-18b2 (base 15) to base 7
-21401
-240031 (base 7) to base 16
-a8e8
What is 729 (base 15) in base 2?
11001001110
41b (base 13) to base 7
2020
-5190 (base 14) to base 2
-11011011011010
Convert -58082 (base 11) to base 10.
-83943
-39d (base 15) to base 8
-1467
-648 (base 16) to base 11
-1232
Convert 10310 (base 5) to base 12.
4a9
What is -105 (base 8) in base 5?
-234
-4ae (base 15) to base 6
-4532
What is -11101101010000 (base 2) in base 8?
-35520
What is -204113 (base 7) in base 13?
-12c4a
What is 703d (base 16) in base 8?
70075
-31a (base 16) to base 7
-2213
Convert -17030 (base 9) to base 13.
-5424
Convert -1cc8 (base 15) to base 13.
-2b0a
-290 (base 13) to base 3
-121212
Convert -77 (base 10) to base 16.
-4d
Convert b5b (base 16) to base 13.
1428
110 (base 6) to base 7
60
-157 (base 16) to base 9
-421
13069 (base 10) to base 13
5c44
-1652 (base 7) to base 11
-563
Convert 531 (base 8) to base 4.
11121
-c72 (base 14) to base 9
-3324
What is -12101020 (base 3) in base 7?
-14301
Convert -13b1b (base 13) to base 2.
-1001000010101011
-13d7 (base 14) to base 8
-6701
Convert -792 (base 10) to base 16.
-318
-1484a (base 11) to base 6
-241055
36012 (base 8) to base 4
3300022
1694 (base 12) to base 9
3634
-1310 (base 5) to base 10
-205
Convert 3231 (base 8) to base 11.
12a6
10027 (base 9) to base 2
1100110111010
-114 (base 10) to base 6
-310
What is -1208 (base 10) in base 2?
-10010111